me factors of 238483.
7, 31, 157
List the prime factors of 52171.
7, 29, 257
List the prime factors of 6015948.
2, 3, 457, 1097
What are the prime factors of 1189702?
2, 709, 839
List the prime factors of 7876464.
2, 3, 164093
What are the prime factors of 166775?
5, 7, 953
What are the prime factors of 2132317?
11, 193847
What are the prime factors of 222410?
2, 5, 23, 967
What are the prime factors of 404917?
59, 6863
List the prime factors of 14408113.
14408113
List the prime factors of 91735.
5, 7, 2621
List the prime factors of 819514.
2, 101, 4057
What are the prime factors of 10698269?
10698269
What are the prime factors of 248261?
13, 113
What are the prime factors of 11962131?
3, 347, 11491
List the prime factors of 112939.
112939
List the prime factors of 7913690.
2, 5, 19, 41651
List the prime factors of 1967861.
7, 73, 3851
List the prime factors of 489198.
2, 3, 81533
What are the prime factors of 277223?
277223
What are the prime factors of 505061?
505061
What are the prime factors of 18296139?
3, 6098713
What are the prime factors of 191441?
191441
What are the prime factors of 17534650?
2, 5, 7, 17, 421
What are the prime factors of 17945560?
2, 5, 149, 3011
List the prime factors of 8774892.
2, 3, 7, 53, 73
List the prime factors of 606020.
2, 5, 157, 193
What are the prime factors of 76210?
2, 5, 7621
What are the prime factors of 17082237?
3, 163, 181, 193
List the prime factors of 9023016.
2, 3, 397, 947
What are the prime factors of 914033?
19, 73, 659
What are the prime factors of 941256?
2, 3, 17, 769
What are the prime factors of 24679652?
2, 113, 54601
What are the prime factors of 622944?
2, 3, 7, 103
What are the prime factors of 10344390?
2, 3, 5, 7, 31, 227
What are the prime factors of 5555424?
2, 3, 7, 1181
What are the prime factors of 9943267?
607, 16381
What are the prime factors of 160346?
2, 80173
What are the prime factors of 27842244?
2, 3, 631, 3677
List the prime factors of 122069.
122069
What are the prime factors of 7740331?
83, 93257
What are the prime factors of 848503?
509, 1667
List the prime factors of 76128.
2, 3, 13, 61
List the prime factors of 2963658.
2, 3, 19, 25997
List the prime factors of 82412.
2, 11, 1873
List the prime factors of 34903220.
2, 5, 11, 59, 2689
What are the prime factors of 888781?
888781
List the prime factors of 466452.
2, 3, 7, 617
List the prime factors of 905915.
5, 181183
List the prime factors of 68457.
3, 19, 1201
What are the prime factors of 9695706?
2, 3, 59, 61, 449
What are the prime factors of 3603778?
2, 23, 157, 499
What are the prime factors of 6457296?
2, 3, 23, 5849
What are the prime factors of 305666?
2, 152833
What are the prime factors of 6229272?
2, 3, 7, 5297
What are the prime factors of 250384?
2, 15649
What are the prime factors of 17210480?
2, 5, 7, 73, 421
What are the prime factors of 6671886?
2, 3, 13, 23, 3719
List the prime factors of 10641516.
2, 3, 886793
List the prime factors of 19558966.
2, 7, 1397069
List the prime factors of 7585566.
2, 3, 1264261
What are the prime factors of 27404?
2, 13, 17, 31
List the prime factors of 160161.
3, 197, 271
What are the prime factors of 5196416?
2, 40597
What are the prime factors of 83324?
2, 37, 563
List the prime factors of 278482.
2, 139241
What are the prime factors of 102913?
102913
List the prime factors of 3397186.
2, 13, 193, 677
What are the prime factors of 1007757?
3, 111973
List the prime factors of 8507269.
19, 59, 7589
List the prime factors of 178296.
2, 3, 17, 19, 23
What are the prime factors of 618708?
2, 3, 47, 1097
List the prime factors of 573359.
17, 29, 1163
What are the prime factors of 401965?
5, 17, 4729
List the prime factors of 4371450.
2, 3, 5, 151, 193
What are the prime factors of 10836634?
2, 23, 37, 6367
List the prime factors of 523319.
23, 61, 373
What are the prime factors of 7915313?
7, 67, 2411
What are the prime factors of 10495138?
2, 1993, 2633
What are the prime factors of 13513633?
7, 1930519
List the prime factors of 26610513.
3, 397, 22343
List the prime factors of 5367550.
2, 5, 107351
What are the prime factors of 1821962?
2, 910981
What are the prime factors of 12512282?
2, 29, 31, 6959
List the prime factors of 135675.
3, 5, 67
What are the prime factors of 1343289?
3, 17, 26339
What are the prime factors of 79625?
5, 7, 13
What are the prime factors of 254223?
3, 47, 601
List the prime factors of 2324740.
2, 5, 11, 10567
List the prime factors of 282151.
283, 997
What are the prime factors of 2308544?
2, 7, 5153
What are the prime factors of 275229?
3, 53, 577
List the prime factors of 235628.
2, 58907
List the prime factors of 13170542.
2, 7, 11, 85523
What are the prime factors of 119942?
2, 59971
What are the prime factors of 138710?
2, 5, 11, 13, 97
What are the prime factors of 3478233?
3, 11, 105401
What are the prime factors of 2420322?
2, 3, 403387
List the prime factors of 345777.
3, 115259
What are the prime factors of 539522?
2, 269761
List the prime factors of 193602.
2, 3, 41, 787
List the prime factors of 312423.
3, 223, 467
What are the prime factors of 2018270?
2, 5, 201827
What are the prime factors of 1187666?
2, 29, 20477
List the prime factors of 10857673.
131, 82883
What are the prime factors of 240086?
2, 7, 11, 1559
What are the prime factors of 4347681?
3, 13, 41, 2719
What are the prime factors of 3924822?
2, 3, 11, 59467
What are the prime factors of 1932215?
5, 601, 643
List the prime factors of 4635333.
3, 171679
List the prime factors of 124255.
5, 24851
What are the prime factors of 12353495?
5, 7, 11, 2917
List the prime factors of 235838.
2, 37, 3187
List the prime factors of 6898803.
3, 2299601
List the prime factors of 641492.
2, 160373
What are the prime factors of 907200?
2, 3, 5, 7
What are the prime factors of 94420?
2, 5, 4721
What are the prime factors of 1089733?
29, 53, 709
What are the prime factors of 6553542?
2, 3, 1092257
List the prime factors of 3094760.
2, 5, 77369
List the prime factors of 252251.
193, 1307
What are the prime factors of 4146273?
3, 460697
List the prime factors of 32574.
2, 3, 61, 89
List the prime factors of 580321.
7, 82903
List the prime factors of 180739.
13, 13903
List the prime factors of 24309630.
2, 3, 5, 257, 1051
List the prime factors of 253497.
3, 84499
List the prime factors of 377830.
2, 5, 37783
List the prime factors of 289898.
2, 7, 20707
What are the prime factors of 2157211?
7, 37, 8329
List the prime factors of 664144.
2, 13, 31, 103
List the prime factors of 140624.
2, 11, 17, 47
What are the prime factors of 246311?
13, 18947
What are the prime factors of 1722771?
3, 67, 2857
List the prime factors of 13095655.
5, 19, 137849
What are the prime factors of 2309294?
2, 13, 88819
What are the prime factors of 221739?
3, 7, 10559
List the prime factors of 17354.
2, 8677
List the prime factors of 177539.
177539
List the prime factors of 651831.
3, 17, 12781
What are the prime factors of 420784?
2, 7, 13, 17
What are the prime factors of 70278?
2, 3, 13, 17, 53
List the prime factors of 309456.
2, 3, 7, 307
What are the prime factors of 909854?
2, 11, 41357
List the prime factors of 3024237.
3, 263, 3833
What are the prime factors of 1793862?
2, 3, 7, 23, 619
What are the prime factors of 859430?
2, 5, 11, 13, 601
List the prime factors of 21858164.
2, 5464541
What are the prime factors of 2477?
2477
What are the prime factors of 3400342?
2, 11, 14051
List the prime factors of 4023935.
5, 37, 21751
What are the prime factors of 2454020?
2, 5, 122701
What are the prime factors of 500204?
2, 23, 5437
What are the prime factors of 10893451?
10893451
What are the prime factors of 195027?
3, 7, 37, 251
List the prime factors of 14773397.
37, 399281
List the prime factors of 1651894.
2, 825947
List the prime factors of 313236.
2, 3, 7, 11, 113
List the prime factors of 3022799.
13, 232523
What are the prime factors of 243712?
2, 7, 17
What are the prime factors of 1061779?
1061779
List the prime factors of 1935290.
2, 5, 7, 27647
List the prime factors of 9865090.
2, 5, 986509
List the prime factors of 169621.
29, 5849
What are the prime factors of 1094700?
2, 3, 5, 41, 89
List the prime factors of 16373343.
3, 7, 47, 53, 313
What are the prime factors of 2012420?
2,